1?
1
What is the ten thousands digit of 2485183?
8
What is the hundred thousands digit of 3516289?
5
What is the tens digit of 920490?
9
What is the tens digit of 1064598?
9
What is the tens digit of 561777?
7
What is the tens digit of 401844?
4
What is the tens digit of 5201990?
9
What is the thousands digit of 452960?
2
What is the hundred thousands digit of 3694497?
6
What is the hundreds digit of 483470?
4
What is the units digit of 698780?
0
What is the tens digit of 15240007?
0
What is the thousands digit of 217008?
7
What is the ten thousands digit of 307667?
0
What is the hundreds digit of 21533?
5
What is the millions digit of 5801981?
5
What is the ten thousands digit of 530033?
3
What is the tens digit of 335605?
0
What is the thousands digit of 4236069?
6
What is the ten thousands digit of 238603?
3
What is the units digit of 26550799?
9
What is the hundreds digit of 39984?
9
What is the thousands digit of 5078926?
8
What is the hundreds digit of 1382877?
8
What is the ten thousands digit of 31897?
3
What is the hundreds digit of 82125?
1
What is the thousands digit of 12773303?
3
What is the units digit of 617657?
7
What is the ten thousands digit of 14414902?
1
What is the hundreds digit of 4027489?
4
What is the thousands digit of 84343?
4
What is the thousands digit of 59795?
9
What is the tens digit of 5291119?
1
What is the thousands digit of 671545?
1
What is the hundreds digit of 8874750?
7
What is the millions digit of 3113777?
3
What is the units digit of 2807952?
2
What is the ten millions digit of 10655472?
1
What is the millions digit of 6790544?
6
What is the ten thousands digit of 366347?
6
What is the units digit of 428913?
3
What is the thousands digit of 39469?
9
What is the hundred thousands digit of 178477?
1
What is the units digit of 180083?
3
What is the tens digit of 255554?
5
What is the hundreds digit of 3666084?
0
What is the thousands digit of 150728?
0
What is the millions digit of 18541492?
8
What is the tens digit of 4835965?
6
What is the ten thousands digit of 837787?
3
What is the tens digit of 2677234?
3
What is the tens digit of 13277141?
4
What is the hundred thousands digit of 4187763?
1
What is the thousands digit of 182663?
2
What is the hundreds digit of 101662?
6
What is the ten millions digit of 18260916?
1
What is the ten thousands digit of 1204774?
0
What is the units digit of 362198?
8
What is the millions digit of 4872324?
4
What is the millions digit of 1138876?
1
What is the units digit of 6264997?
7
What is the thousands digit of 17274?
7
What is the hundreds digit of 10612717?
7
What is the thousands digit of 10720896?
0
What is the hundred thousands digit of 1313815?
3
What is the thousands digit of 153730?
3
What is the hundreds digit of 678609?
6
What is the hundred thousands digit of 694404?
6
What is the ten thousands digit of 224068?
2
What is the units digit of 126375?
5
What is the thousands digit of 55679?
5
What is the thousands digit of 4624409?
4
What is the hundred thousands digit of 4866796?
8
What is the hundreds digit of 1464310?
3
What is the hundred thousands digit of 184145?
1
What is the hundred thousands digit of 357526?
3
What is the hundred thousands digit of 1102794?
1
What is the hundreds digit of 9102963?
9
What is the millions digit of 1426067?
1
What is the millions digit of 34762607?
4
What is the tens digit of 22023?
2
What is the hundred thousands digit of 12208843?
2
What is the ten thousands digit of 868834?
6
What is the tens digit of 2987133?
3
What is the thousands digit of 3015415?
5
What is the ten thousands digit of 4260301?
6
What is the millions digit of 3809805?
3
What is the hundred thousands digit of 35032608?
0
What is the millions digit of 3850693?
3
What is the thousands digit of 3502319?
2
What is the hundreds digit of 595828?
8
What is the tens digit of 22443?
4
What is the ten thousands digit of 16633033?
3
What is the hundred thousands digit of 537825?
5
What is the hundreds digit of 4589140?
1
What is the ten thousands digit of 179760?
7
What is the units digit of 286824?
4
What is the thousands digit of 1660976?
0
What is the ten thousands digit of 9494097?
9
What is the hundreds digit of 15188?
1
What is the tens digit of 27006?
0
What is the units digit of 2818211?
1
What is the thousands digit of 49055?
9
What is the hundred thousands digit of 130731?
1
What is the hundreds digit of 1458864?
8
What is the thousands digit of 100670?
0
What is the millions digit of 3028140?
3
What is the tens digit of 3606183?
8
What is the tens digit of 9042?
4
What is the units digit of 364239?
9
What is the thousands digit of 1792047?
2
What is the hundreds digit of 1414870?
8
What is the hundreds digit of 25476805?
8
What is the hundreds digit of 5397175?
1
What is the thousands digit of 2847910?
7
What is the tens digit of 9718000?
0
What is the tens digit of 669067?
6
What is the thousands digit of 6898339?
8
What is the hundred thousands digit of 1885694?
8
What is the ten thousands digit of 687502?
8
What is the thousands digit of 393487?
3
What is the thousands digit of 613486?
3
What is the hundreds digit of 145813?
8
What is the thousands digit of 223124?
3
What is the units digit of 129453?
3
What is the ten thousands digit of 245268?
4
What is the thousands digit of 20126?
0
What is the tens digit of 335098?
9
What is the hundreds digit of 1792872?
8
What is the units digit of 34804?
4
What is the hundred thousands digit of 227923?
2
What is the units digit of 193543?
3
What is the hundred thousands digit of 2885472?
8
What is the millions digit of 4658514?
4
What is the units digit of 2623371?
1
What is the tens digit of 18506981?
8
What is the hundred thousands digit of 12458913?
4
What is the hundreds digit of 5123052?
0
What is the tens digit of 263891?
9
What is the hundreds digit of 112511?
5
What is the hundreds digit of 148313?
3
What is the tens digit of 605277?
7
What is the units digit of 7541173?
3
What is the hundreds digit of 14117062?
0
What is the ten thousands digit of 880574?
8
What is the hundred thousands digit of 10692672?
6
What is the tens digit of 1602191?
9
What is the hundreds digit of 2119636?
6
What is the units digit of 16653161?
1
What is the units digit of 3701727?
7
What is the ten thousands digit of 455164?
5
What is the hundred thousands digit of 36815624?
8
What is the hundred thousands digit of 24023080?
0
What is the hundreds digit of 609338?
3
What is the hundred thousands digit of 508012?
5
What is the hundreds digit of 261364?
3
What is the tens digit of 44111?
1
What is the tens digit of 63175?
7
What is the millions digit of 1835468?
1
What is the hundred thousands digit of 335844?
3
What is the hundreds digit of 24760?
7
What is the hundred thousands digit of 515047?
5
What is the units digit of 2783533?
3
What is the hundred thousands digit of 435086?
4
What is the units digit of 396772?
2
What is the hundreds digit of 4359256?
2
What is the tens digit of 269526?
2
What is the hundreds digit of 20208?
2
What is the tens digit of 2483377?
7
What is the ten thousands digit of 1323096?
2
What is the thousands digit of 5635769?
5
What is the units digit of 104735?
5
What is the hundreds digit of 73621?
6
What is the thousands digit of 971259?
1
What is the hundred thousands digit of 310290?
3
What is the tens digit of 400388?
8
What is the units digit of 186272?
2
What is the thousands digit of 61998?
1
What is the hundreds digit of 1480569?
5
What is the ten thousands digit of 24772?
2
What is the thousands digit of 197073?
7
What is the units digit of 140017?
7
What is the hundreds digit of 2679579?
5
What is the tens digit of 9275700?
0
What is the thousands digit of 22061534?
1
What is the units digit of 362868?
8
What is the tens digit of 1984605?
0
What is the ten thousands digit of 11869092?
6
What is the hundred thousands digit of 1085395?
0
What is the hundred thousands digit of 381016?
3
What is the ten thousands digit of 115996?
1
What is the ten thousands digit of 543316?
4
What is the ten thousands digit of 1103556?
0
What is the hundreds digit of 2036564?
5
What is the units digit of 4015710?
0
What is the ten thousands digit of 342270?
4
What is the tens digit of 591730?
3
